{"id":3283,"date":"2023-11-23T10:22:25","date_gmt":"2023-11-23T13:22:25","guid":{"rendered":"https:\/\/xsportscs.com.br\/?post_type=product&#038;p=3283"},"modified":"2024-04-27T11:26:16","modified_gmt":"2024-04-27T14:26:16","slug":"relogio-g-shock-g-7900a-4dr","status":"publish","type":"product","link":"https:\/\/xsportscs.com.br\/?product=relogio-g-shock-g-7900a-4dr","title":{"rendered":"Rel\u00f3gio G-Shock G-7900A-4DR"},"content":{"rendered":"<p>\u27a3 G-SHOCK S\u00c9RIE 7900<br \/>\n\u25b8Mecanismo Digital &#8211; M\u00f3dulo n\u00ba 3194<br \/>\n\u25b8Cron\u00f4metro de 1\/100 de segundo (ST1) Capacidade de medi\u00e7\u00e3o: 999:59&#8217;59,99&#8221; Modos de medi\u00e7\u00e3o: Tempo decorrido, tempo parcial, tempos do 1\u00ba e 2\u00ba lugares Outros: In\u00edcio autom\u00e1tico da contagem de 5 segundos. Cron\u00f4metro de 1\/100 de segundo (ST2) Capacidade de medi\u00e7\u00e3o: 999:59&#8217;59,99&#8221; Modos de medi\u00e7\u00e3o: tempo decorrido, tempo parcial, tempos do 1\u00ba e 2\u00ba lugares.<br \/>\n\u25b8Temporizador Unidade de medi\u00e7\u00e3o: 1 segundo Faixa de contagem: 24 horas Configura\u00e7\u00e3o inicial da faixa de contagem: 1 minuto a 24 horas (incrementos de 1 minuto e 1 hora) Outros: Repeti\u00e7\u00e3o autom\u00e1tica, bipe de progresso.<br \/>\n\u25b8Sinaliza\u00e7\u00e3o a cada hora (Bip hora cheia) \/ 5 Alarmes multifuncionais \/ Ativa\u00e7\u00e3o e desativa\u00e7\u00e3o do som de opera\u00e7\u00e3o dos bot\u00f5es.<br \/>\n\u25b8Alerta piscante Pisca e soa para alarmes, sinaliza\u00e7\u00e3o a cada hora, alarme do temporizador, bipe de progresso do temporizador, e in\u00edcio autom\u00e1tico do cron\u00f4metro.<br \/>\n\u25b8Hor\u00e1rio regular: Anal\u00f3gico: 2 ponteiros (hora, minuto (os ponteiros se movem a cada 20 segundos)), 1 mostrador (dia) Digital: Hora, minuto, segundo, pm, m\u00eas, data<br \/>\n\u25b8Hora mundial 29 fusos hor\u00e1rios mundiais (48 cidades), hor\u00e1rio de ver\u00e3o ativado\/desativado.<br \/>\n\u25b8Gr\u00e1fico de mar\u00e9s (n\u00edvel da mar\u00e9 em determinada data e hora).<br \/>\n\u25b8Dados lunares (dura\u00e7\u00e3o da lua do dado de entrada, gr\u00e1fico de fases da lua).<br \/>\n\u25b8Calend\u00e1rio autom\u00e1tico completo (at\u00e9 o ano de 2099)<br \/>\n\u25b8Formatos de 12\/24 horas.<br \/>\n\u25b8Luz de fundo eletroluminescente Circuito autom\u00e1tico de luz, dura\u00e7\u00e3o de luminosidade selecion\u00e1vel (3 segundos ou 5 segundos), fosforesc\u00eancia. Luz turquesa<br \/>\n\u25b8Material da moldura\/caixa: Carbono\/Resina &#8211; Vidro de Cristal Mineral<br \/>\n\u25b8Pulseira em resina<br \/>\n\u25b8Resistente \u00e0 \u00e1gua 200 metros<br \/>\n\u25b8Resistente a baixas temperaturas (-20\u00b0C).<br \/>\n\u25b8Tamanho da caixa (C \u00d7 L \u00d7 A) 52.4 \u00d7 50 \u00d7 17.7 mm.<br \/>\n\u25b8Peso 68,2g<br \/>\n\u25b8Dura\u00e7\u00e3o aproximada da pilha: 2 anos em CR2025.<\/p>\n","protected":false},"excerpt":{"rendered":"<p>Desde sua funda\u00e7\u00e3o, em 1957, a Casio vem trabalhando para manter o princ\u00edpio de \u201ccriatividade e contribui\u00e7\u00e3o\u201d da corpora\u00e7\u00e3o, lan\u00e7ando produtos inovadores. Adquira este incr\u00edvel rel\u00f3gio de pulso Casio e desfrute de modernidade, eleg\u00e2ncia, satisfa\u00e7\u00e3o e prazer. Confira! Um produto para quem preza qualidade e beleza!<\/p>\n","protected":false},"featured_media":3284,"comment_status":"open","ping_status":"closed","template":"","meta":{"ocean_post_layout":"","ocean_both_sidebars_style":"","ocean_both_sidebars_content_width":0,"ocean_both_sidebars_sidebars_width":0,"ocean_sidebar":"0","ocean_second_sidebar":"0","ocean_disable_margins":"enable","ocean_add_body_class":"","ocean_shortcode_before_top_bar":"","ocean_shortcode_after_top_bar":"","ocean_shortcode_before_header":"","ocean_shortcode_after_header":"","ocean_has_shortcode":"","ocean_shortcode_after_title":"","ocean_shortcode_before_footer_widgets":"","ocean_shortcode_after_footer_widgets":"","ocean_shortcode_before_footer_bottom":"","ocean_shortcode_after_footer_bottom":"","ocean_display_top_bar":"default","ocean_display_header":"default","ocean_header_style":"","ocean_center_header_left_menu":"0","ocean_custom_header_template":"0","ocean_custom_logo":0,"ocean_custom_retina_logo":0,"ocean_custom_logo_max_width":0,"ocean_custom_logo_tablet_max_width":0,"ocean_custom_logo_mobile_max_width":0,"ocean_custom_logo_max_height":0,"ocean_custom_logo_tablet_max_height":0,"ocean_custom_logo_mobile_max_height":0,"ocean_header_custom_menu":"0","ocean_menu_typo_font_family":"0","ocean_menu_typo_font_subset":"","ocean_menu_typo_font_size":0,"ocean_menu_typo_font_size_tablet":0,"ocean_menu_typo_font_size_mobile":0,"ocean_menu_typo_font_size_unit":"px","ocean_menu_typo_font_weight":"","ocean_menu_typo_font_weight_tablet":"","ocean_menu_typo_font_weight_mobile":"","ocean_menu_typo_transform":"","ocean_menu_typo_transform_tablet":"","ocean_menu_typo_transform_mobile":"","ocean_menu_typo_line_height":0,"ocean_menu_typo_line_height_tablet":0,"ocean_menu_typo_line_height_mobile":0,"ocean_menu_typo_line_height_unit":"","ocean_menu_typo_spacing":0,"ocean_menu_typo_spacing_tablet":0,"ocean_menu_typo_spacing_mobile":0,"ocean_menu_typo_spacing_unit":"","ocean_menu_link_color":"","ocean_menu_link_color_hover":"","ocean_menu_link_color_active":"","ocean_menu_link_background":"","ocean_menu_link_hover_background":"","ocean_menu_link_active_background":"","ocean_menu_social_links_bg":"","ocean_menu_social_hover_links_bg":"","ocean_menu_social_links_color":"","ocean_menu_social_hover_links_color":"","ocean_disable_title":"default","ocean_disable_heading":"default","ocean_post_title":"","ocean_post_subheading":"","ocean_post_title_style":"","ocean_post_title_background_color":"","ocean_post_title_background":0,"ocean_post_title_bg_image_position":"","ocean_post_title_bg_image_attachment":"","ocean_post_title_bg_image_repeat":"","ocean_post_title_bg_image_size":"","ocean_post_title_height":0,"ocean_post_title_bg_overlay":0.5,"ocean_post_title_bg_overlay_color":"","ocean_disable_breadcrumbs":"default","ocean_breadcrumbs_color":"","ocean_breadcrumbs_separator_color":"","ocean_breadcrumbs_links_color":"","ocean_breadcrumbs_links_hover_color":"","ocean_display_footer_widgets":"default","ocean_display_footer_bottom":"default","ocean_custom_footer_template":"0"},"product_cat":[61,35,62],"product_tag":[137,138,136],"_links":{"self":[{"href":"https:\/\/xsportscs.com.br\/index.php?rest_route=\/wp\/v2\/product\/3283"}],"collection":[{"href":"https:\/\/xsportscs.com.br\/index.php?rest_route=\/wp\/v2\/product"}],"about":[{"href":"https:\/\/xsportscs.com.br\/index.php?rest_route=\/wp\/v2\/types\/product"}],"replies":[{"embeddable":true,"href":"https:\/\/xsportscs.com.br\/index.php?rest_route=%2Fwp%2Fv2%2Fcomments&post=3283"}],"version-history":[{"count":1,"href":"https:\/\/xsportscs.com.br\/index.php?rest_route=\/wp\/v2\/product\/3283\/revisions"}],"predecessor-version":[{"id":3286,"href":"https:\/\/xsportscs.com.br\/index.php?rest_route=\/wp\/v2\/product\/3283\/revisions\/3286"}],"wp:featuredmedia":[{"embeddable":true,"href":"https:\/\/xsportscs.com.br\/index.php?rest_route=\/wp\/v2\/media\/3284"}],"wp:attachment":[{"href":"https:\/\/xsportscs.com.br\/index.php?rest_route=%2Fwp%2Fv2%2Fmedia&parent=3283"}],"wp:term":[{"taxonomy":"product_cat","embeddable":true,"href":"https:\/\/xsportscs.com.br\/index.php?rest_route=%2Fwp%2Fv2%2Fproduct_cat&post=3283"},{"taxonomy":"product_tag","embeddable":true,"href":"https:\/\/xsportscs.com.br\/index.php?rest_route=%2Fwp%2Fv2%2Fproduct_tag&post=3283"}],"curies":[{"name":"wp","href":"https:\/\/api.w.org\/{rel}","templated":true}]}}