{"id":2219,"date":"2021-04-09T17:27:42","date_gmt":"2021-04-09T17:27:42","guid":{"rendered":"http:\/\/xsportscs.com.br\/?post_type=product&#038;p=2219"},"modified":"2021-12-07T14:47:21","modified_gmt":"2021-12-07T17:47:21","slug":"roda-moska-long-v12-70mm-80-a","status":"publish","type":"product","link":"https:\/\/xsportscs.com.br\/?product=roda-moska-long-v12-70mm-80-a","title":{"rendered":"Roda Moska Long V12 70mm 80 A"},"content":{"rendered":"<h1><strong>RODA MOSKA LONGBOARD 70 MM 80 A<\/strong><\/h1>\n<p>&nbsp;<\/p>\n<p>Rodas para quem quer desempenho, velocidade e durabilidade!<\/p>\n<p id=\"ext-gen89\"><strong>Lan\u00e7amento Moska!<br \/>\nA linha Moska\u00a0acaba de receber novos modelos, desenvolvidos dentro das necessidades dessa modalidade que exige um alto rendimento e que est\u00e1 sempre passando por atualiza\u00e7\u00f5es tecnol\u00f3gicas.\u00a0 Neste novo modelo aumentamos a banda de contato e desenvolvemos uma borda mais fina que aumenta o grip e retomada de curvas.<\/strong><\/p>\n<h2><\/h2>\n<p><strong>Descri\u00e7\u00e3o Roda Moska Long<\/strong><\/p>\n<p>&nbsp;<\/p>\n<p id=\"ext-gen90\"><strong>Jogo com 4 rodas.<br \/>\nIndicada: Speed\/Slalom\/*longboard<br \/>\nCor: Laranja<br \/>\nDi\u00e2metro: 70<br \/>\nDureza: 80A (Hi-Control &#8211; Alta ader\u00eancia)<br \/>\nBanda de rodageml: 30mm<br \/>\nLargura total: 42mm<br \/>\nBorda: Viva &#8211; 9mm &#8211; 23mm de espessura de PU \u00fatil at\u00e9 atingir o inserto<br \/>\nMiolo descentralizado<\/strong><\/p>\n<p id=\"ext-gen91\"><strong>\u00d3timo desempenho em velocidade, tanto para o speed como para o slalom.<br \/>\nModelo que pode ser usado tamb\u00e9m para quem gosta de surfar(carving) com o skate longboard. Por\u00e9m,\u00a0n\u00e3o \u00e9 indicada para slides!<\/strong><\/p>\n<p>&nbsp;<\/p>\n","protected":false},"excerpt":{"rendered":"<p>Qualidade e desempenho elevado durante as sessions a roda Moska \u00e9 um produto nacional que vai surpreender.<\/p>\n","protected":false},"featured_media":2220,"comment_status":"open","ping_status":"closed","template":"","meta":{"ocean_post_layout":"","ocean_both_sidebars_style":"","ocean_both_sidebars_content_width":0,"ocean_both_sidebars_sidebars_width":0,"ocean_sidebar":"0","ocean_second_sidebar":"0","ocean_disable_margins":"enable","ocean_add_body_class":"","ocean_shortcode_before_top_bar":"","ocean_shortcode_after_top_bar":"","ocean_shortcode_before_header":"","ocean_shortcode_after_header":"","ocean_has_shortcode":"","ocean_shortcode_after_title":"","ocean_shortcode_before_footer_widgets":"","ocean_shortcode_after_footer_widgets":"","ocean_shortcode_before_footer_bottom":"","ocean_shortcode_after_footer_bottom":"","ocean_display_top_bar":"default","ocean_display_header":"default","ocean_header_style":"","ocean_center_header_left_menu":"0","ocean_custom_header_template":"0","ocean_custom_logo":0,"ocean_custom_retina_logo":0,"ocean_custom_logo_max_width":0,"ocean_custom_logo_tablet_max_width":0,"ocean_custom_logo_mobile_max_width":0,"ocean_custom_logo_max_height":0,"ocean_custom_logo_tablet_max_height":0,"ocean_custom_logo_mobile_max_height":0,"ocean_header_custom_menu":"0","ocean_menu_typo_font_family":"0","ocean_menu_typo_font_subset":"","ocean_menu_typo_font_size":0,"ocean_menu_typo_font_size_tablet":0,"ocean_menu_typo_font_size_mobile":0,"ocean_menu_typo_font_size_unit":"px","ocean_menu_typo_font_weight":"","ocean_menu_typo_font_weight_tablet":"","ocean_menu_typo_font_weight_mobile":"","ocean_menu_typo_transform":"","ocean_menu_typo_transform_tablet":"","ocean_menu_typo_transform_mobile":"","ocean_menu_typo_line_height":0,"ocean_menu_typo_line_height_tablet":0,"ocean_menu_typo_line_height_mobile":0,"ocean_menu_typo_line_height_unit":"","ocean_menu_typo_spacing":0,"ocean_menu_typo_spacing_tablet":0,"ocean_menu_typo_spacing_mobile":0,"ocean_menu_typo_spacing_unit":"","ocean_menu_link_color":"","ocean_menu_link_color_hover":"","ocean_menu_link_color_active":"","ocean_menu_link_background":"","ocean_menu_link_hover_background":"","ocean_menu_link_active_background":"","ocean_menu_social_links_bg":"","ocean_menu_social_hover_links_bg":"","ocean_menu_social_links_color":"","ocean_menu_social_hover_links_color":"","ocean_disable_title":"default","ocean_disable_heading":"default","ocean_post_title":"","ocean_post_subheading":"","ocean_post_title_style":"","ocean_post_title_background_color":"","ocean_post_title_background":0,"ocean_post_title_bg_image_position":"","ocean_post_title_bg_image_attachment":"","ocean_post_title_bg_image_repeat":"","ocean_post_title_bg_image_size":"","ocean_post_title_height":0,"ocean_post_title_bg_overlay":0.5,"ocean_post_title_bg_overlay_color":"","ocean_disable_breadcrumbs":"default","ocean_breadcrumbs_color":"","ocean_breadcrumbs_separator_color":"","ocean_breadcrumbs_links_color":"","ocean_breadcrumbs_links_hover_color":"","ocean_display_footer_widgets":"default","ocean_display_footer_bottom":"default","ocean_custom_footer_template":"0"},"product_cat":[43,45,42],"product_tag":[149,146,145],"_links":{"self":[{"href":"https:\/\/xsportscs.com.br\/index.php?rest_route=\/wp\/v2\/product\/2219"}],"collection":[{"href":"https:\/\/xsportscs.com.br\/index.php?rest_route=\/wp\/v2\/product"}],"about":[{"href":"https:\/\/xsportscs.com.br\/index.php?rest_route=\/wp\/v2\/types\/product"}],"replies":[{"embeddable":true,"href":"https:\/\/xsportscs.com.br\/index.php?rest_route=%2Fwp%2Fv2%2Fcomments&post=2219"}],"version-history":[{"count":1,"href":"https:\/\/xsportscs.com.br\/index.php?rest_route=\/wp\/v2\/product\/2219\/revisions"}],"predecessor-version":[{"id":2223,"href":"https:\/\/xsportscs.com.br\/index.php?rest_route=\/wp\/v2\/product\/2219\/revisions\/2223"}],"wp:featuredmedia":[{"embeddable":true,"href":"https:\/\/xsportscs.com.br\/index.php?rest_route=\/wp\/v2\/media\/2220"}],"wp:attachment":[{"href":"https:\/\/xsportscs.com.br\/index.php?rest_route=%2Fwp%2Fv2%2Fmedia&parent=2219"}],"wp:term":[{"taxonomy":"product_cat","embeddable":true,"href":"https:\/\/xsportscs.com.br\/index.php?rest_route=%2Fwp%2Fv2%2Fproduct_cat&post=2219"},{"taxonomy":"product_tag","embeddable":true,"href":"https:\/\/xsportscs.com.br\/index.php?rest_route=%2Fwp%2Fv2%2Fproduct_tag&post=2219"}],"curies":[{"name":"wp","href":"https:\/\/api.w.org\/{rel}","templated":true}]}}