{"id":2006,"date":"2021-04-07T18:44:14","date_gmt":"2021-04-07T18:44:14","guid":{"rendered":"http:\/\/xsportscs.com.br\/?post_type=product&#038;p=2006"},"modified":"2023-11-22T12:31:58","modified_gmt":"2023-11-22T15:31:58","slug":"relogio-g-shock-ga-400-4bdr","status":"publish","type":"product","link":"https:\/\/xsportscs.com.br\/?product=relogio-g-shock-ga-400-4bdr","title":{"rendered":"Rel\u00f3gio G-Shock GA-400-4BDR"},"content":{"rendered":"<h5 class=\"tit_especificacoes\"><strong>GA-400-4BDR<\/strong><\/h5>\n<p id=\"descricao\">A popular s\u00e9rie mundial de rel\u00f3gios com caixa grande continua a crescer com a adi\u00e7\u00e3o de novos modelos criados ao combinar e sobrepor partes de modo a criar um visual multidimensional.Um controle girat\u00f3rio grande na posi\u00e7\u00e3o de 3 horas complementa o design geral e tamb\u00e9m possibilita a opera\u00e7\u00e3o intuitiva de v\u00e1rias fun\u00e7\u00f5es.<\/p>\n<p>As op\u00e7\u00f5es de cores incluem preto e branco b\u00e1sicos, assim como combina\u00e7\u00f5es de tr\u00eas cores para caixa, pulseira marcadores de hora e mostrador.\u00a0Um sistema de ilumina\u00e7\u00e3o LED proporciona f\u00e1cil visualiza\u00e7\u00e3o mesmo no escuro.<\/p>\n<h6 class=\"tit_especificacoes\">ESPECIFICA\u00c7\u00d5ES T\u00c9CNICAS<\/h6>\n<p class=\"especificacoes\">&#8211; Vidro mineral<br \/>\n&#8211; Resist\u00eancia magn\u00e9tica<br \/>\n&#8211; Resist\u00eancia a choques<br \/>\n&#8211; Resist\u00eancia \u00e0 \u00e1gua 200m<br \/>\n&#8211; Material da caixa\/aro: resina<br \/>\n&#8211; Pulseira em resina<br \/>\n&#8211; Luz LED<br \/>\nLuz autom\u00e1tica por sensor, dura\u00e7\u00e3o de luminosidade selecion\u00e1vel, persist\u00eancia luminosa<br \/>\n&#8211; Hora mundial<br \/>\n31 fusos hor\u00e1rios (48 cidades + Coordinated Universal Time), fuso hor\u00e1rio UTC com um toque, hor\u00e1rio de ver\u00e3o ativado\/desativado, troca de cidade de refer\u00eancia\/hora mundial<br \/>\n&#8211; Cron\u00f4metros de 1\/100 de segundo<br \/>\nCapacidade de medi\u00e7\u00e3o: 23:59&#8217;59.99&#8221;<br \/>\nModos de medi\u00e7\u00e3o: tempo transcorrido, divis\u00e3o de tempo<br \/>\n&#8211; Cron\u00f4metro regressivo<br \/>\nUnidade de medi\u00e7\u00e3o: 1 segundo<br \/>\nFaixa de contagem: 60 minutos<br \/>\nConfigura\u00e7\u00e3o inicial da faixa de contagem: 1 minuto a 60 minutos (intervalos de 1 minuto)<br \/>\nTroca autom\u00e1tica para medi\u00e7\u00e3o de tempo transcorrido (at\u00e9 60 minutos, unidades de 1 segundo) quando a opera\u00e7\u00e3o de contagem do timer chega ao fim<br \/>\n&#8211; 5 alarmes di\u00e1rios (1 alarme com fun\u00e7\u00e3o soneca)<br \/>\n&#8211; Sinaliza\u00e7\u00e3o a cada hora<br \/>\n&#8211; Calend\u00e1rio autom\u00e1tico (at\u00e9 o ano 2099)<br \/>\n&#8211; Formatos de 12\/24 horas<br \/>\n&#8211; Ativa\u00e7\u00e3o e desativa\u00e7\u00e3o do tom de opera\u00e7\u00e3o do bot\u00e3o<br \/>\n&#8211; Hor\u00e1rio regular<br \/>\nAnal\u00f3gico: 2 ponteiros (hora, minuto (os ponteiros movem-se a cada 20 segundos))<br \/>\nDigital: hora, minuto, segundo, am\/pm, m\u00eas, data, dia<br \/>\n&#8211; Precis\u00e3o: \u00b115 segundos por m\u00eas<br \/>\n&#8211; Dura\u00e7\u00e3o aproximada da bateria: 3 anos com SR927W x 2<br \/>\n&#8211; Tamanho da caixa:\u200255\u2002\u00d7\u200251,9\u2002\u00d7\u200218,3\u2002mm<br \/>\n&#8211; Peso total: 70 g<br \/>\n&#8211; LED:\u00c2mbar<\/p>\n<div class=\"especificacoes\"><\/div>\n<p><strong>GARANTIA NACIONAL da CASIO do BRASIL, caso o produto que adquiriu apresente algum defeito durante o per\u00edodo da garantia, encaminhe diretamente \u00e0 assist\u00eancia t\u00e9cnica mais pr\u00f3xima de sua regi\u00e3o, sempre acompanhado do TERMO de GARANTIA.<\/strong><\/p>\n","protected":false},"excerpt":{"rendered":"<p>Desde sua funda\u00e7\u00e3o, em 1957, a Casio vem trabalhando para manter o princ\u00edpio de \u201ccriatividade e contribui\u00e7\u00e3o\u201d da corpora\u00e7\u00e3o, lan\u00e7ando produtos inovadores. Adquira este incr\u00edvel rel\u00f3gio de pulso Casio e desfrute de modernidade, eleg\u00e2ncia, satisfa\u00e7\u00e3o e prazer. Confira! Um produto para quem preza qualidade e beleza!<\/p>\n","protected":false},"featured_media":2009,"comment_status":"open","ping_status":"closed","template":"","meta":{"ocean_post_layout":"","ocean_both_sidebars_style":"","ocean_both_sidebars_content_width":0,"ocean_both_sidebars_sidebars_width":0,"ocean_sidebar":"","ocean_second_sidebar":"","ocean_disable_margins":"enable","ocean_add_body_class":"","ocean_shortcode_before_top_bar":"","ocean_shortcode_after_top_bar":"","ocean_shortcode_before_header":"","ocean_shortcode_after_header":"","ocean_has_shortcode":"","ocean_shortcode_after_title":"","ocean_shortcode_before_footer_widgets":"","ocean_shortcode_after_footer_widgets":"","ocean_shortcode_before_footer_bottom":"","ocean_shortcode_after_footer_bottom":"","ocean_display_top_bar":"default","ocean_display_header":"default","ocean_header_style":"","ocean_center_header_left_menu":"","ocean_custom_header_template":"","ocean_custom_logo":0,"ocean_custom_retina_logo":0,"ocean_custom_logo_max_width":0,"ocean_custom_logo_tablet_max_width":0,"ocean_custom_logo_mobile_max_width":0,"ocean_custom_logo_max_height":0,"ocean_custom_logo_tablet_max_height":0,"ocean_custom_logo_mobile_max_height":0,"ocean_header_custom_menu":"","ocean_menu_typo_font_family":"","ocean_menu_typo_font_subset":"","ocean_menu_typo_font_size":0,"ocean_menu_typo_font_size_tablet":0,"ocean_menu_typo_font_size_mobile":0,"ocean_menu_typo_font_size_unit":"px","ocean_menu_typo_font_weight":"","ocean_menu_typo_font_weight_tablet":"","ocean_menu_typo_font_weight_mobile":"","ocean_menu_typo_transform":"","ocean_menu_typo_transform_tablet":"","ocean_menu_typo_transform_mobile":"","ocean_menu_typo_line_height":0,"ocean_menu_typo_line_height_tablet":0,"ocean_menu_typo_line_height_mobile":0,"ocean_menu_typo_line_height_unit":"","ocean_menu_typo_spacing":0,"ocean_menu_typo_spacing_tablet":0,"ocean_menu_typo_spacing_mobile":0,"ocean_menu_typo_spacing_unit":"","ocean_menu_link_color":"","ocean_menu_link_color_hover":"","ocean_menu_link_color_active":"","ocean_menu_link_background":"","ocean_menu_link_hover_background":"","ocean_menu_link_active_background":"","ocean_menu_social_links_bg":"","ocean_menu_social_hover_links_bg":"","ocean_menu_social_links_color":"","ocean_menu_social_hover_links_color":"","ocean_disable_title":"default","ocean_disable_heading":"default","ocean_post_title":"","ocean_post_subheading":"","ocean_post_title_style":"","ocean_post_title_background_color":"","ocean_post_title_background":0,"ocean_post_title_bg_image_position":"","ocean_post_title_bg_image_attachment":"","ocean_post_title_bg_image_repeat":"","ocean_post_title_bg_image_size":"","ocean_post_title_height":0,"ocean_post_title_bg_overlay":0.5,"ocean_post_title_bg_overlay_color":"","ocean_disable_breadcrumbs":"default","ocean_breadcrumbs_color":"","ocean_breadcrumbs_separator_color":"","ocean_breadcrumbs_links_color":"","ocean_breadcrumbs_links_hover_color":"","ocean_display_footer_widgets":"default","ocean_display_footer_bottom":"default","ocean_custom_footer_template":""},"product_cat":[61,35,62],"product_tag":[137,139,136],"_links":{"self":[{"href":"https:\/\/xsportscs.com.br\/index.php?rest_route=\/wp\/v2\/product\/2006"}],"collection":[{"href":"https:\/\/xsportscs.com.br\/index.php?rest_route=\/wp\/v2\/product"}],"about":[{"href":"https:\/\/xsportscs.com.br\/index.php?rest_route=\/wp\/v2\/types\/product"}],"replies":[{"embeddable":true,"href":"https:\/\/xsportscs.com.br\/index.php?rest_route=%2Fwp%2Fv2%2Fcomments&post=2006"}],"version-history":[{"count":1,"href":"https:\/\/xsportscs.com.br\/index.php?rest_route=\/wp\/v2\/product\/2006\/revisions"}],"predecessor-version":[{"id":2010,"href":"https:\/\/xsportscs.com.br\/index.php?rest_route=\/wp\/v2\/product\/2006\/revisions\/2010"}],"wp:featuredmedia":[{"embeddable":true,"href":"https:\/\/xsportscs.com.br\/index.php?rest_route=\/wp\/v2\/media\/2009"}],"wp:attachment":[{"href":"https:\/\/xsportscs.com.br\/index.php?rest_route=%2Fwp%2Fv2%2Fmedia&parent=2006"}],"wp:term":[{"taxonomy":"product_cat","embeddable":true,"href":"https:\/\/xsportscs.com.br\/index.php?rest_route=%2Fwp%2Fv2%2Fproduct_cat&post=2006"},{"taxonomy":"product_tag","embeddable":true,"href":"https:\/\/xsportscs.com.br\/index.php?rest_route=%2Fwp%2Fv2%2Fproduct_tag&post=2006"}],"curies":[{"name":"wp","href":"https:\/\/api.w.org\/{rel}","templated":true}]}}