{"id":1970,"date":"2021-04-07T16:42:55","date_gmt":"2021-04-07T16:42:55","guid":{"rendered":"http:\/\/xsportscs.com.br\/?post_type=product&#038;p=1970"},"modified":"2023-10-04T09:07:16","modified_gmt":"2023-10-04T12:07:16","slug":"relogio-g-shock-ga-140-1a4dr","status":"publish","type":"product","link":"https:\/\/xsportscs.com.br\/?product=relogio-g-shock-ga-140-1a4dr","title":{"rendered":"Rel\u00f3gio G-Shock GA-140-1A4DR"},"content":{"rendered":"<h5 class=\"relogio\">GA-140-1A4DR<\/h5>\n<p class=\"normal\">O G-SHOCK, rel\u00f3gio que define o padr\u00e3o de resist\u00eancia em medi\u00e7\u00e3o de tempo desde 1983, anuncia a nova cole\u00e7\u00e3o de modelos de combina\u00e7\u00e3o anal\u00f3gica-digital, inspirados na popular s\u00e9rie GA, mas com novos designs de mostrador e ponteiro.<br \/>\nEsses novos modelos herdam os designs de caixa grande do cl\u00e1ssico GA-100. Um tema que lembra um dispositivo port\u00e1til de reprodu\u00e7\u00e3o de m\u00fasica ou aparelho est\u00e9reo da d\u00e9cada de 90 foi atualizado para um visual moderno e refinado e ainda mantendo o n\u00edvel de resist\u00eancia do G-SHOCK.<\/p>\n<ul class=\"js-cont-wrap\">\n<li>Cron\u00f4metro de 1\/1000 de segundo<\/li>\n<li>Medi\u00e7\u00e3o da velocidade<\/li>\n<li>Resist\u00eancia magn\u00e9tica da classe ISO 764<\/li>\n<li>Material do corpo\/anel: resina<\/li>\n<li>Pulseira em Resina<\/li>\n<li>Resist\u00eancia magn\u00e9tica<\/li>\n<li>Resist\u00eancia a choques<\/li>\n<\/ul>\n<p>&nbsp;<\/p>\n<h6 class=\"tit_especificacoes\">ESPECIFICA\u00c7\u00d5ES T\u00c9CNICAS<\/h6>\n<ul class=\"js-cont-wrap\">\n<li>Vidro mineral<\/li>\n<li>Resistente a \u00e1gua a at\u00e9 200 m<\/li>\n<li>Luz de LED<br \/>\nCircuito autom\u00e1tico de luz, dura\u00e7\u00e3o de luminosidade selecion\u00e1vel (1,5 segundo ou 3 segundos), fosforesc\u00eancia<\/li>\n<li>Hora mundial<br \/>\n29 fusos hor\u00e1rios (48 cidades + tempo universal coordenado), hor\u00e1rio de ver\u00e3o (liga\/desliga), troca de cidade local\/hora mundial<\/li>\n<li>Cron\u00f4metro de 1\/1000 de segundo<br \/>\nCapacidade de medi\u00e7\u00e3o: 99:59&#8217;59,999&#8221;<br \/>\nModos de medi\u00e7\u00e3o: Tempo decorrido, tempo da volta, tempo parcial<br \/>\nOutros: Velocidade (0 a 1.998 unidades\/hora), Entrada de dist\u00e5ncia (0,0 a 99,9)<br \/>\nIndicador de mach (velocidade excedendo 1.225 unidades\/hora)<\/li>\n<li>Temporizadores<br \/>\nUnidade de medi\u00e7\u00e3o: 1 segundo<br \/>\nFaixa de contagem: 24 horas<br \/>\nConfigura\u00e7\u00e3o inicial da faixa de contagem: 1 minuto a 24 horas (incrementos de 1 minuto e 1 hora)<br \/>\nOutros: Repeti\u00e7\u00e3o autom\u00e1tica<\/li>\n<li>5 alarmes di\u00e1rios (1 alarme com fun\u00e7\u00e3o soneca)<\/li>\n<li>Sinaliza\u00e7\u00e3o a cada hora<\/li>\n<li>Calend\u00e1rio autom\u00e1tico completo (at\u00e9 o ano de 2099)<\/li>\n<li>Formatos de 12\/24 horas<\/li>\n<li>Hor\u00e1rio regular<br \/>\nAnal\u00f3gico: Dois ponteiros (hora, minuto (o ponteiro se move a cada 20 segundos)), um mostrador (velocidade)<br \/>\nDigital: hora, minuto, segundo, pm, m\u00eas, data, dia<\/li>\n<li>Precis\u00e3o: \u00b115 segundos por m\u00eas<\/li>\n<li>Dura\u00e7\u00e3o aproximada da pilha: 2 anos em CR1220<\/li>\n<li>Tamanho da caixa : 55\u00d751,2\u00d716,9mm<\/li>\n<li>Peso total : 72g<\/li>\n<\/ul>\n","protected":false},"excerpt":{"rendered":"<p>Desde sua funda\u00e7\u00e3o, em 1957, a Casio vem trabalhando para manter o princ\u00edpio de \u201ccriatividade e contribui\u00e7\u00e3o\u201d da corpora\u00e7\u00e3o, lan\u00e7ando produtos inovadores. Adquira este incr\u00edvel rel\u00f3gio de pulso Casio e desfrute de modernidade, eleg\u00e2ncia, satisfa\u00e7\u00e3o e prazer. Confira! Um produto para quem preza qualidade e beleza!<\/p>\n","protected":false},"featured_media":1971,"comment_status":"open","ping_status":"closed","template":"","meta":{"ocean_post_layout":"","ocean_both_sidebars_style":"","ocean_both_sidebars_content_width":0,"ocean_both_sidebars_sidebars_width":0,"ocean_sidebar":"","ocean_second_sidebar":"","ocean_disable_margins":"enable","ocean_add_body_class":"","ocean_shortcode_before_top_bar":"","ocean_shortcode_after_top_bar":"","ocean_shortcode_before_header":"","ocean_shortcode_after_header":"","ocean_has_shortcode":"","ocean_shortcode_after_title":"","ocean_shortcode_before_footer_widgets":"","ocean_shortcode_after_footer_widgets":"","ocean_shortcode_before_footer_bottom":"","ocean_shortcode_after_footer_bottom":"","ocean_display_top_bar":"default","ocean_display_header":"default","ocean_header_style":"","ocean_center_header_left_menu":"","ocean_custom_header_template":"","ocean_custom_logo":0,"ocean_custom_retina_logo":0,"ocean_custom_logo_max_width":0,"ocean_custom_logo_tablet_max_width":0,"ocean_custom_logo_mobile_max_width":0,"ocean_custom_logo_max_height":0,"ocean_custom_logo_tablet_max_height":0,"ocean_custom_logo_mobile_max_height":0,"ocean_header_custom_menu":"","ocean_menu_typo_font_family":"","ocean_menu_typo_font_subset":"","ocean_menu_typo_font_size":0,"ocean_menu_typo_font_size_tablet":0,"ocean_menu_typo_font_size_mobile":0,"ocean_menu_typo_font_size_unit":"px","ocean_menu_typo_font_weight":"","ocean_menu_typo_font_weight_tablet":"","ocean_menu_typo_font_weight_mobile":"","ocean_menu_typo_transform":"","ocean_menu_typo_transform_tablet":"","ocean_menu_typo_transform_mobile":"","ocean_menu_typo_line_height":0,"ocean_menu_typo_line_height_tablet":0,"ocean_menu_typo_line_height_mobile":0,"ocean_menu_typo_line_height_unit":"","ocean_menu_typo_spacing":0,"ocean_menu_typo_spacing_tablet":0,"ocean_menu_typo_spacing_mobile":0,"ocean_menu_typo_spacing_unit":"","ocean_menu_link_color":"","ocean_menu_link_color_hover":"","ocean_menu_link_color_active":"","ocean_menu_link_background":"","ocean_menu_link_hover_background":"","ocean_menu_link_active_background":"","ocean_menu_social_links_bg":"","ocean_menu_social_hover_links_bg":"","ocean_menu_social_links_color":"","ocean_menu_social_hover_links_color":"","ocean_disable_title":"default","ocean_disable_heading":"default","ocean_post_title":"","ocean_post_subheading":"","ocean_post_title_style":"","ocean_post_title_background_color":"","ocean_post_title_background":0,"ocean_post_title_bg_image_position":"","ocean_post_title_bg_image_attachment":"","ocean_post_title_bg_image_repeat":"","ocean_post_title_bg_image_size":"","ocean_post_title_height":0,"ocean_post_title_bg_overlay":0.5,"ocean_post_title_bg_overlay_color":"","ocean_disable_breadcrumbs":"default","ocean_breadcrumbs_color":"","ocean_breadcrumbs_separator_color":"","ocean_breadcrumbs_links_color":"","ocean_breadcrumbs_links_hover_color":"","ocean_display_footer_widgets":"default","ocean_display_footer_bottom":"default","ocean_custom_footer_template":""},"product_cat":[61,35,62],"product_tag":[137,138,136],"_links":{"self":[{"href":"https:\/\/xsportscs.com.br\/index.php?rest_route=\/wp\/v2\/product\/1970"}],"collection":[{"href":"https:\/\/xsportscs.com.br\/index.php?rest_route=\/wp\/v2\/product"}],"about":[{"href":"https:\/\/xsportscs.com.br\/index.php?rest_route=\/wp\/v2\/types\/product"}],"replies":[{"embeddable":true,"href":"https:\/\/xsportscs.com.br\/index.php?rest_route=%2Fwp%2Fv2%2Fcomments&post=1970"}],"version-history":[{"count":2,"href":"https:\/\/xsportscs.com.br\/index.php?rest_route=\/wp\/v2\/product\/1970\/revisions"}],"predecessor-version":[{"id":2017,"href":"https:\/\/xsportscs.com.br\/index.php?rest_route=\/wp\/v2\/product\/1970\/revisions\/2017"}],"wp:featuredmedia":[{"embeddable":true,"href":"https:\/\/xsportscs.com.br\/index.php?rest_route=\/wp\/v2\/media\/1971"}],"wp:attachment":[{"href":"https:\/\/xsportscs.com.br\/index.php?rest_route=%2Fwp%2Fv2%2Fmedia&parent=1970"}],"wp:term":[{"taxonomy":"product_cat","embeddable":true,"href":"https:\/\/xsportscs.com.br\/index.php?rest_route=%2Fwp%2Fv2%2Fproduct_cat&post=1970"},{"taxonomy":"product_tag","embeddable":true,"href":"https:\/\/xsportscs.com.br\/index.php?rest_route=%2Fwp%2Fv2%2Fproduct_tag&post=1970"}],"curies":[{"name":"wp","href":"https:\/\/api.w.org\/{rel}","templated":true}]}}